{"id":15,"date":"2021-06-24T12:00:01","date_gmt":"2021-06-24T12:00:01","guid":{"rendered":"https:\/\/www.csi-alps.unibe.ch\/?page_id=15"},"modified":"2023-05-26T07:19:09","modified_gmt":"2023-05-26T07:19:09","slug":"kontakt","status":"publish","type":"page","link":"https:\/\/www.csi-alps.unibe.ch\/?page_id=15","title":{"rendered":"\u00dcber uns"},"content":{"rendered":"\n<div class=\"wp-block-columns is-layout-flex wp-container-core-columns-is-layout-9d6595d7 wp-block-columns-is-layout-flex\">\n<div class=\"wp-block-column is-layout-flow wp-block-column-is-layout-flow\" style=\"flex-basis:33.33%\">\n<figure class=\"wp-block-image size-large\"><img fetchpriority=\"high\" decoding=\"async\" width=\"817\" height=\"1024\" src=\"https:\/\/www.csi-alps.unibe.ch\/wp-content\/uploads\/2021\/09\/WyssMartin-1-817x1024.jpg\" alt=\"\" class=\"wp-image-1349\" srcset=\"https:\/\/www.csi-alps.unibe.ch\/wp-content\/uploads\/2021\/09\/WyssMartin-1-817x1024.jpg 817w, https:\/\/www.csi-alps.unibe.ch\/wp-content\/uploads\/2021\/09\/WyssMartin-1-239x300.jpg 239w, https:\/\/www.csi-alps.unibe.ch\/wp-content\/uploads\/2021\/09\/WyssMartin-1-768x963.jpg 768w, https:\/\/www.csi-alps.unibe.ch\/wp-content\/uploads\/2021\/09\/WyssMartin-1-19x24.jpg 19w, https:\/\/www.csi-alps.unibe.ch\/wp-content\/uploads\/2021\/09\/WyssMartin-1-29x36.jpg 29w, https:\/\/www.csi-alps.unibe.ch\/wp-content\/uploads\/2021\/09\/WyssMartin-1-38x48.jpg 38w, https:\/\/www.csi-alps.unibe.ch\/wp-content\/uploads\/2021\/09\/WyssMartin-1.jpg 850w\" sizes=\"(max-width: 817px) 100vw, 817px\" \/><\/figure>\n<\/div>\n\n\n\n<div class=\"wp-block-column is-layout-flow wp-block-column-is-layout-flow\" style=\"flex-basis:66.66%\">\n<p>Martin Wyss hat an der ETH Z\u00fcrich Geologie studiert und eine Dissertation \u00fcber ein zuvor geografisch und geologisch unerforschtes Terrain im indischen Himalaya verfasst. Er hat als Gymnasiallehrer f\u00fcr Geografie und Naturwissenschaften gearbeitet und transdisziplin\u00e4re Forschungsprojekte im Bereich Wasser und nachhaltige Nutzung von Umweltressourcen in Westafrika durchgef\u00fchrt. Im Gebirge und in W\u00fcsten f\u00fchlt er sich besonders wohl. Er ist der Autor und Zeichner von CSI Alps.<\/p>\n<\/div>\n<\/div>\n\n\n\n<div class=\"wp-block-columns is-layout-flex wp-container-core-columns-is-layout-9d6595d7 wp-block-columns-is-layout-flex\">\n<div class=\"wp-block-column is-layout-flow wp-block-column-is-layout-flow\" style=\"flex-basis:33.33%\">\n<figure class=\"wp-block-image size-full\"><img decoding=\"async\" width=\"300\" height=\"400\" src=\"https:\/\/www.csi-alps.unibe.ch\/wp-content\/uploads\/2021\/09\/HermannJoerg.jpg\" alt=\"\" class=\"wp-image-1318\" srcset=\"https:\/\/www.csi-alps.unibe.ch\/wp-content\/uploads\/2021\/09\/HermannJoerg.jpg 300w, https:\/\/www.csi-alps.unibe.ch\/wp-content\/uploads\/2021\/09\/HermannJoerg-225x300.jpg 225w, https:\/\/www.csi-alps.unibe.ch\/wp-content\/uploads\/2021\/09\/HermannJoerg-18x24.jpg 18w, https:\/\/www.csi-alps.unibe.ch\/wp-content\/uploads\/2021\/09\/HermannJoerg-27x36.jpg 27w, https:\/\/www.csi-alps.unibe.ch\/wp-content\/uploads\/2021\/09\/HermannJoerg-36x48.jpg 36w\" sizes=\"(max-width: 300px) 100vw, 300px\" \/><\/figure>\n<\/div>\n\n\n\n<div class=\"wp-block-column is-layout-flow wp-block-column-is-layout-flow\" style=\"flex-basis:66.66%\">\n<p>J\u00f6rg Hermann hat an der ETH Z\u00fcrich zusammen mit Martin Wyss Geologie studiert und eine Dissertation \u00fcber eine in den Alpen erhaltene Krusten-Mantel Grenze verfasst. Er hat das h\u00f6here Lehramt f\u00fcr Geografie an der ETH Z\u00fcrich absolviert. Seine Forschung umfasst die Alpenbildung, Subduktionszonen und der tiefe Wasserkreislauf. Die Resultate sind in \u00fcber 180 wissenschaftlichen Artikeln publiziert. Er sorgt daf\u00fcr, dass alle Angaben und Zahlen dem neuesten Stand der Wissenschaft entsprechen.<\/p>\n<\/div>\n<\/div>\n\n\n\n<h2 class=\"wp-block-heading\">Kontakt<\/h2>\n\n\n\n<div class=\"wp-block-columns is-layout-flex wp-container-core-columns-is-layout-9d6595d7 wp-block-columns-is-layout-flex\">\n<div class=\"wp-block-column is-layout-flow wp-block-column-is-layout-flow\" style=\"flex-basis:33.33%\">\n<p><strong>Dr. Martin Wyss <\/strong><br>Oesterliwaldweg 4<br>5400 Baden<br>+41 56 222 07 10<br><a href=\"mailto:m_wyss_geo@bluewin.ch\">m_wyss_geo@bluewin.ch<\/a><\/p>\n<\/div>\n\n\n\n<div class=\"wp-block-column is-layout-flow wp-block-column-is-layout-flow\" style=\"flex-basis:66.66%\">\n<p><strong>Prof. J\u00f6rg Hermann<\/strong><br>Institut f\u00fcr Geologie<br>Baltzerstrasse 1+3<br>3012 Bern<br>+41 31 684 84 93 (87 61)<br><a href=\"mailto:joerg.hermann@unibe.ch\">joerg.hermann@unibe.ch<\/a><\/p>\n<\/div>\n<\/div>\n\n\n\n<div class=\"wp-block-columns container is-layout-flex wp-container-core-columns-is-layout-9d6595d7 wp-block-columns-is-layout-flex\">\n<div class=\"wp-block-column is-layout-flow wp-block-column-is-layout-flow\"><\/div>\n<\/div>\n","protected":false},"excerpt":{"rendered":"<p>Martin Wyss hat an der ETH Z\u00fcrich Geologie studiert und eine Dissertation \u00fcber ein zuvor geografisch und geologisch unerforschtes Terrain im indischen Himalaya verfasst. Er hat als Gymnasiallehrer f\u00fcr Geografie und Naturwissenschaften gearbeitet und transdisziplin\u00e4re Forschungsprojekte im Bereich Wasser und nachhaltige Nutzung von Umweltressourcen in Westafrika durchgef\u00fchrt. Im Gebirge und [&hellip;]<\/p>\n","protected":false},"author":2,"featured_media":1396,"parent":0,"menu_order":0,"comment_status":"closed","ping_status":"closed","template":"","meta":{"footnotes":""},"class_list":["post-15","page","type-page","status-publish","has-post-thumbnail","hentry"],"_links":{"self":[{"href":"https:\/\/www.csi-alps.unibe.ch\/index.php?rest_route=\/wp\/v2\/pages\/15","targetHints":{"allow":["GET"]}}],"collection":[{"href":"https:\/\/www.csi-alps.unibe.ch\/index.php?rest_route=\/wp\/v2\/pages"}],"about":[{"href":"https:\/\/www.csi-alps.unibe.ch\/index.php?rest_route=\/wp\/v2\/types\/page"}],"author":[{"embeddable":true,"href":"https:\/\/www.csi-alps.unibe.ch\/index.php?rest_route=\/wp\/v2\/users\/2"}],"replies":[{"embeddable":true,"href":"https:\/\/www.csi-alps.unibe.ch\/index.php?rest_route=%2Fwp%2Fv2%2Fcomments&post=15"}],"version-history":[{"count":51,"href":"https:\/\/www.csi-alps.unibe.ch\/index.php?rest_route=\/wp\/v2\/pages\/15\/revisions"}],"predecessor-version":[{"id":2965,"href":"https:\/\/www.csi-alps.unibe.ch\/index.php?rest_route=\/wp\/v2\/pages\/15\/revisions\/2965"}],"wp:featuredmedia":[{"embeddable":true,"href":"https:\/\/www.csi-alps.unibe.ch\/index.php?rest_route=\/wp\/v2\/media\/1396"}],"wp:attachment":[{"href":"https:\/\/www.csi-alps.unibe.ch\/index.php?rest_route=%2Fwp%2Fv2%2Fmedia&parent=15"}],"curies":[{"name":"wp","href":"https:\/\/api.w.org\/{rel}","templated":true}]}}